ime factors of t - (-25)/((-1)/(-1))?
2, 11
Let w = -135 - -136. Suppose -c - 3*n + 14 = 0, 14 = 5*c + 5*n - 4*n. Let h = c + w. What are the prime factors of h?
3
Let r(x) = -x**2 - 10*x + 6. Let f be r(-10). Let o(i) = 48*i - 34. List the prime factors of o(f).
2, 127
Suppose -8*g - 5*g = -5187. List the prime factors of g.
3, 7, 19
Suppose 2*r = 4*a - 0 - 42, -36 = -2*a + 4*r. Suppose -38 = -a*u + 82. What are the prime factors of u?
3, 5
Let c be (-129)/12 - (14/(-8) - -1). What are the prime factors of 129 + (c - -3) + 3?
5
Let s = -5 - -1. Suppose l = -5*g - 87, 64 = -0*g - 4*g + 2*l. Let x = s - g. List the prime factors of x.
13
Suppose -3*c - 10 = 2*c + 2*b, -5*b = 5*c - 5. Let h(m) = 11*m**2 + 5*m - 2. What are the prime factors of h(c)?
2, 7, 11
List the prime factors of 1995/(-18)*-2 - 4/(-12).
2, 3, 37
Suppose -2*j = -3*f - j + 38, -3*f - j = -34. Let t = f + -12. Suppose -36 = -3*k - t*k. List the prime factors of k.
2, 3
Let f = 1 + 3. Let m be ((-6)/2 - -2) + f. Suppose -m*p + 81 = -66. List the prime factors of p.
7
What are the prime factors of ((-32)/14)/((-198)/20097)?
2, 29
Let n(z) = 281*z - 15. List the prime factors of n(2).
547
Suppose s + 163 = 2*w, -2*w + 3*w - 79 = s. Let r = w - 36. List the prime factors of r.
2, 3
Suppose 5*u - 9410 = 2*h, -4*u - 3*h + 7495 = 2*h. What are the prime factors of u?
2, 5, 47
Let g be (-866)/(-9) + (-4 - (-68)/18). Suppose -4*k = 4*t - g, 0*t = -4*k - t + 111. What are the prime factors of k?
29
Let j = 2028 + -391. List the prime factors of j.
1637
Let o = 52 - 87. Let c = o - -82. What are the prime factors of c?
47
Suppose 2*b = -4*j + 74, 5*b - 15 + 0 = 0. Suppose -3*h + j + 193 = 0. What are the prime factors of h?
2, 5, 7
List the prime factors of (2 - 3915)*(-30)/105.
2, 13, 43
Let f(z) be the third derivative of -z**6/120 + z**5/5 + 19*z**4/24 - z**3/6 + 4*z**2. Let o be f(13). Suppose 3*k - o - 19 = 0. List the prime factors of k.
2
Let d(x) be the second derivative of 1/2*x**2 + 6*x + 3/2*x**3 + 0. What are the prime factors of d(3)?
2, 7
Suppose 0*l + l = 8. What are the prime factors of 9/12 - (-330)/l?
2, 3, 7
Suppose 1957 = 2*v - 1697. List the prime factors of v.
3, 7, 29
Let r be ((-45)/15)/((-3)/26). Suppose 76 - r = x. List the prime factors of x.
2, 5
List the prime factors of 310/(-4)*-4 + 1 + -4.
307
Suppose 4*c - s - 7 - 7 = 0, 2 = s. What are the prime factors of c/(((-4)/(-94))/1)?
2, 47
Let h(o) = o**3 + 11*o**2 + o + 1. Let q be h(-11). List the prime factors of (-851)/(-5) - (-2)/q.
2, 5, 17
Let u be (-8)/28 + 488/(-7). Let j = 30 - u. List the prime factors of j.
2, 5
Let f be (-2)/(-4)*12/(-3). What are the prime factors of 98/1 - 2/f?
3, 11
Suppose 0 = j - 2*t + 2, -3*t - 2*t = j + 2. Suppose 40 = 5*u - 10. What are the prime factors of 175/u - (-1)/j?
17
Suppose -7*b = -8*b + 1167. What are the prime factors of -1 + b/9 + 4/12?
3, 43
Let q(l) = -l - 325. Let f be q(0). Let u be 12/21 - f/7. Let v = u + -32. What are the prime factors of v?
3, 5
Let d = -15 - -25. Suppose 2*n + 23 = -5*j, 0 = -2*n - 3*n - 3*j - d. Let x(p) = 16*p**3 - p**2 - p + 2. List the prime factors of x(n).
2
Suppose -184800 = 4*l - 81*l. What are the prime factors of l?
2, 3, 5
What are the prime factors of -1*11*114/(-2)?
3, 11, 19
Let r = 2161 + -1379. What are the prime factors of r?
2, 17, 23
Let y(u) = -u**3 - 21*u**2 + 23*u + 50. What are the prime factors of y(-25)?
5, 79
Let z(c) = 13*c**3 - 5*c**2 - 30*c + 70. What are the prime factors of z(8)?
2, 3083
Let k(a) = 20*a + 8*a**2 - a**3 - 6 + 4 - 4*a**2 + 10*a**2. List the prime factors of k(15).
73
Let t = 299 - 132. What are the prime factors of t?
167
Let u = 35 + -32. Let h be (72/27)/(u/63). Let d = h + -21. List the prime factors of d.
5, 7
Let w = -827 - -1371. List the prime factors of w.
2, 17
Suppose 4*d - 2*f + f = -2, 5*d = -5*f + 10. Let p be 2/4*2/(-1). What are the prime factors of d - p - (-20)/5?
5
Suppose -39*j + 17355 = -34*j. List the prime factors of j.
3, 13, 89
What are the prime factors of -453*16/12*4/(-1)?
2, 151
Let l(r) be the first derivative of r**5/60 + r**4/24 - 3*r**3/2 - 2*r**2 - 6. Let o(g) be the second derivative of l(g). What are the prime factors of o(-8)?
47
Suppose 0 = 15*n + 85 - 220. Suppose 0 = n*g - 754 - 1820. List the prime factors of g.
2, 11, 13
What are the prime factors of (25660/(-36))/(-1) + (-34)/(-153)?
23, 31
Let i = -30 - -44. What are the prime factors of ((-4)/i*-129)/((-1)/(-7))?
2, 3, 43
Let q = 54 + 3. Let y = q - -23. List the prime factors of y.
2, 5
Let b = -32 + 12. Let q = -17 - b. Suppose 69 = 3*d - q. List the prime factors of d.
2, 3
Suppose 1219 - 3070 = -g. List the prime factors of g.
3, 617
Suppose 2 = 2*y - 0. Suppose -a - 1 - y = 0. What are the prime factors of 9 - 3/2*a?
2, 3
Let i(c) be the first derivative of c**2/2 - 12*c - 6. Let x be i(14). Suppose -x*v + 35 + 41 = 0. What are the prime factors of v?
2, 19
Suppose 221 = 4*p - 451. Suppose p = j + 2*j. Let o = j + -33. List the prime factors of o.
23
Suppose z + 17 - 4 = -5*y, -5*z = 2*y - 4. Suppose 4*m = o - 20, -z*o + 5*m + 43 - 6 = 0. What are the prime factors of o?
2
Suppose -5*j = o - 20, -j - 2*j - 6 = 0. List the prime factors of (5/o)/(2/6)*346.
173
Let d(g) = g**2 - 7*g - 1. Let h be d(-8). Let m(j) = 2*j**3 + 5*j**2 + 2*j - 5. Let a be m(-4). Let w = a + h. List the prime factors of w.
2, 29
Let o(w) = w**3 + 7*w**2 + 3*w - 14. Let f = -12 - -6. Let d be o(f). What are the prime factors of (d/(-4) - -3) + 14?
2
Let t(u) = 2*u - 12. Let b be t(-2). Let j be 17/((-1 + 0)/(-2)). Let c = j - b. List the prime factors of c.
2, 5
Suppose 2*c + 0*c = 8, 3*u = -c + 16. Suppose 0 = -5*b - 10, 5*m + u*b - 102 = 0. List the prime factors of m.
2, 11
Suppose 2*r + 2*r - 340 = 0. Let t = r + -45. List the prime factors of t.
2, 5
Let p(d) = -d**2 - 9*d - 16. Let c be p(-5). Suppose -c = -t + 5. List the prime factors of t.
3
Let r(p) = -p**3 - 7*p**2 - 5*p + 6. Let q be r(-6). Let k(c) = c**2 + 2*c - 3. Let m be k(-9). Suppose q*y - m = -3*y. What are the prime factors of y?
2, 5
Let i = 275 - 219. List the prime factors of i.
2, 7
Let k(t) = -t**3 - 7*t**2 + 15*t - 22. Let p be k(-9). Suppose 0 = p*r - 87 - 403. What are the prime factors of r?
2, 7
Let d(o) = 33*o**3 - 3*o**2 + 13*o + 5. Let a(k) = 16*k**3 - k**2 + 6*k + 3. Let i(x) = -7*a(x) + 3*d(x). What are the prime factors of i(-2)?
2, 3
Let t(h) be the first derivative of -h**4/4 + 10*h**3/3 + 11*h**2/2 + 8*h + 6. Let a be t(11). Let j = 10 - a. List the prime factors of j.
2
Let f be 6/(-5)*(-20)/6. Suppose -2*o + 5*k - f*k + 71 = 0, -200 = -5*o - 2*k. What are the prime factors of o?
2, 19
List the prime factors of -7 + 12636/6 - -7.
2, 3, 13
Suppose -3*x + 18 = -12. Let h = x + 26. What are the prime factors of h?
2, 3
Let w be 30*((-1)/1 - 35/(-25)). Let p(z) = z**3 - 12*z**2 + 2*z + 22. List the prime factors of p(w).
2, 23
Let v(g) = -g**3 + 4*g**2 - 4*g + 1. Let f be v(3). Let x be (-105)/9 - f/(-6). What are the prime factors of (x/5)/(6/(-20))?
2
Let s = 15 + -69. Let g = 202 - s. What are the prime factors of g?
2
Let j = 417 - -564. List the prime factors of j.
3, 109
Let z(s) be the second derivative of -s**3/3 + 5*s**2/2 - 5*s. Let w be z(6). Let o(j) = -3*j + 1. List the prime factors of o(w).
2, 11
Let z(a) = 2*a**2 + 17*a**2 - 21*a + 17*a + 7 - 2. List the prime factors of z(2).
73
Suppose 5*v + 6317 = 4*p, -78*p = -80*p - 4*v + 3152. What are the prime factors of p?
2, 3, 263
Let c(t) = t**3 - t**2 - 1. Let o be c(2). Suppose 4*m + 4*g - 9 = 3, 0 = -m - 3*g + o. Suppose m*n + n = 128. List the prime factors of n.
2
Let s(f) = 62*f**2 - 2*f - 7. Suppose 47*l - 50*l = 6. List the prime factors of s(l).
5, 7
Let n(h) = -h + 11. Let i be (-15 + 1)*(-1)/(-2). What are the prime factors of n(i)?
2, 3
Let k be (-3 - (-1 - 0)) + 216. Let y = k - 80. What are the prime factors of y?
2, 67
Suppose -g + 4*m = 2*m + 6, -5*g + 3*m = -5. Let i = -4 + g. Suppose 2*x - 21 - 71 = i. What are the prime factors of x?
2, 23
Let a = -305 + 986. Suppose 24*q - a = 21*q. What are the prime factors of q?
227
Suppose -y + 5*d - d + 9 = 0, -5*y = d - 24. Suppose 3*x - 9 = 0, -y*h - 4*x + 31 = -4*h. What are the prime factors of h?
19
Let i